 + 3. Let o(q) = -5*b(q) - 4*t(q). Let j = 6 - 0. Suppose -j = -2*w + z, -6 = -2*w - 3*w - 2*z. What is o(w)?
1
Let z(k) = -9 - 15 - 6 + 17 + k. Suppose -6*l - 2*o = -4*l - 28, 15 = 3*o. Determine z(l).
-4
Let j(g) = -g**2 - 11*g - 16. Let w be j(-8). Let s(b) = -2*b - 1. Determine s(w).
-17
Let l(n) be the third derivative of -1/8*n**4 - 42*n**2 + 0*n - 1/3*n**3 + 0. Let j be 4/6*9/2. What is l(j)?
-11
Let x be (-56)/(-21) + 24/(-36). Suppose -4*t - d = 74, -d + 3*d + 40 = -2*t. Let r be ((-9)/t)/(x/20). Let q(j) = j + 1. Determine q(r).
6
Let c(s) = -s**3 + 5*s**2 - 3*s - 2. Let p = -9 - -18. Let o be -1*((-2 - -4) + p). Let b(f) = f + 15. Let d be b(o). Give c(d).
2
Let n(l) = 4*l - 1. Suppose 0 = -6*c + c. Suppose 4*o - 20 = -c. Suppose -g = 3*i - 6, -i + 4*g - 2*g = o. Calculate n(i).
3
Let z(q) be the third derivative of q**4/8 - 4*q**3/3 - 9*q**2 - 11*q. Determine z(5).
7
Let x(g) = -5*g + 6. Let y(w) = 13*w - 14. Let q(t) = 5*x(t) + 2*y(t). Suppose n + 2*n = -15. Determine q(n).
-3
Let c(z) = 20*z**3 + 8*z**2 + 5*z - 3. Let p(h) = 7*h**3 + 3*h**2 + 2*h - 1. Let j(m) = 4*c(m) - 11*p(m). What is j(-1)?
-3
Let g(v) = -2*v**2 - 15*v - 49. Let x(l) = -l**2 - 8*l - 24. Let s(c) = -3*g(c) + 7*x(c). Let p be s(-8). Let d(o) = -4*o + 4. Determine d(p).
-8
Let b = 12 - 8. Let r be 22/6 - b/6. Let l(a) = 0*a**3 + r - 8*a**2 + a**2 - a**3 - 6*a. Determine l(-6).
3
Let l(t) = -t**3 + 2*t**2 + t - 1. Let j(u) = 4*u**3 - 11*u**2 - 5*u + 6. Let o(s) = j(s) + 5*l(s). Let d be (-8 - -6)*(-1)/2. Calculate o(d).
-1
Let p(b) = -2*b - 4. Suppose 3*a + 14 - 26 = 0. Suppose -5 = a*l - 21. Calculate p(l).
-12
Let l(o) = -12 - o**3 + 21*o - 6*o**2 - 11*o + 11 - 12*o. Determine l(-6).
11
Let y(w) be the first derivative of 3*w**4/4 - 2*w**3/3 + w**2/2 + w + 189. Give y(-2).
-33
Let w be ((-12)/9)/((-2)/((-24)/2)). Let c(p) = -p - 10. Give c(w).
-2
Suppose 3*z = z + z. Suppose z = 3*r + 44 - 65. Let t(l) = l**2 - 7*l + 9. Give t(r).
9
Let k(u) be the third derivative of -u**5/30 - u**4/8 - u**3/6 + 22*u**2. Determine k(-3).
-10
Let m = 314 + -318. Let z(b) = 2*b + 4. What is z(m)?
-4
Let u(h) = -2*h - 1. Let d(n) = -n - 6. Let z(w) = -d(w) + 3*u(w). What is z(5)?
-22
Let h(a) = 22 - 49 - 49*a + 56*a. Calculate h(5).
8
Let x(t) be the first derivative of -t**4/4 - 8*t**3/3 - 3*t**2 + 10*t - 1. Let b = 280 - 287. Determine x(b).
3
Let n(d) = -d**3 + d**2 + d - 16. Let g = 8 - 5. Let k(v) = -v**3 + 12*v**2. Let r be k(12). Suppose 2*q - q - g*b = 0, -5*q - b = r. What is n(q)?
-16
Let s(o) = -3*o**3 - 2*o**2 - 2*o - 1. Suppose b = 3*b - 0*b. Suppose -5*w = 5, -2*n = w - b*w + 3. Calculate s(n).
2
Let c(o) = -o**3 - 8*o**2 - 8*o - 10. Let k be 1*(-5 + (-6 - -4)). What is c(k)?
-3
Let t(j) = 46*j**2 + j - 62*j**2 - 2*j. Calculate t(1).
-17
Let b be (-76)/(-18) - 2/9. Let s(a) be the second derivative of 0 - 1/3*a**3 + 1/20*a**5 + 5/2*a**2 - a - 1/3*a**4. Give s(b).
-3
Let x(s) = s**2 + 6*s + 6. Let d be (-6 + -1 - -5)/((-2)/4). Suppose l = 5*q + 27, -q - 5 = -2*l + d. Give x(q).
1
Suppose x + 0*x = 0. Let t(v) = -2*v - 5. Let j(w) = -w**2 - w - 2. Let d(b) = -j(b) + t(b). Give d(x).
-3
Suppose -5*h = -0*h. Let i(m) = 3 + h - m - 14*m**2 + 13*m**2 - 4. What is i(-3)?
-7
Let z(t) be the first derivative of t**5/60 + 5*t**4/24 - 5*t**3/3 + 4*t**2 - 10. Let d(h) be the second derivative of z(h). Give d(-8).
14
Suppose 17*n - 10 = 12*n. Let b(l) = 3*l. Calculate b(n).
6
Let n(z) = -z**3 - 7*z**2 - 10*z - 9. Let f(j) = -6*j - 24. Let o be f(-6). Suppose -5*c - 102 = o*c. Give n(c).
15
Let f(s) = s**2 - 11*s + 5. Let x(c) = 3*c**2 - 32*c + 14. Let o be (-24)/(-2)*4/8. Let h(q) = o*x(q) - 17*f(q). Give h(5).
-1
Let b(g) = -11*g + 13. Let s(a) = 44*a - 38. Let u(q) = 7*b(q) + 2*s(q). Calculate u(-2).
-7
Let j(w) be the second derivative of w + 0*w**3 + 0 + 1/12*w**4 - 3*w**2. Let d(b) be the first derivative of j(b). What is d(2)?
4
Let o(l) = -l**2 + 6*l - 3. Let z(x) = -x**2 + 3*x. Let j be z(3). Suppose d - 3 + 0 = j. Suppose -18 = -0*v - d*v. Calculate o(v).
-3
Let m(i) = -27*i**3 + 2*i**2 - 2*i - 1. Let a(q) = 26*q**3 - 3*q**2 + 3*q + 1. Let k(g) = 2*a(g) + 3*m(g). What is k(1)?
-30
Let o be (-2)/(-3) + 12/9. Let k(u) = -o*u + 3*u - 9 + 1. Let r(z) = z**3 + 8*z**2 - 2*z - 10. Let m be r(-8). What is k(m)?
-2
Let b(m) = m**3 + 3*m**2 - 3*m + 5. Let c(p) be the first derivative of -p**2/2 - 17*p - 3. Let l be c(-13). Determine b(l).
1
Let g(n) = -n + 10. Suppose 0*i - 24 = -5*i + 4*u, 4*u + 8 = i. Let s be i/14 - (-183)/21. Suppose 3*j = 6 + s. Determine g(j).
5
Let w(q) be the third derivative of q**6/40 + q**5/30 - q**4/24 - q**3/3 - 18*q**2. Let c = -4 - -3. Let a = -1 + c. Calculate w(a).
-16
Suppose 0 = -d - 1, -n + 0 = 3*d - 1. Let m(o) be the third derivative of 0*o + 1/24*o**4 + 3*o**2 + 0 + 5/6*o**3. What is m(n)?
9
Let k(u) = -u**3 - 5*u**2 + 3*u + 2. Let i be 126/315 - (-1 + (-32)/(-5)). Give k(i).
-13
Let j(v) = -2*v**2 - 6*v - 5. Let l be j(-2). Let o(r) = 7*r**3 + r**2 - 1. What is o(l)?
-7
Let r(h) = -4*h - 3. Let m = -28 - -20. Let k(d) = -d**3 - 5*d**2 + 3*d - 12. Let g be k(-6). Let p = g + m. Determine r(p).
5
Let l(f) be the third derivative of f**6/120 + f**5/15 - f**4/12 + 5*f**3/6 - 37*f**2. Let b be l(-5). Let d(c) = c**3 + 10*c**2 + 1. What is d(b)?
1
Let b = 126 - 85. Suppose -46*w + 5 = -b*w. Let m(l) = -5*l**2 - 2*l**2 + 4*l**2. Give m(w).
-3
Let n(c) = 2*c - 2. Let d(u) = -6*u - 82. Let s(w) = 4*w + 54. Let t(l) = 5*d(l) + 8*s(l). Let a be t(-8). What is n(a)?
10
Let y be -1*(0 + -3 + 1). Let v(f) = 0*f - 2*f + f. Give v(y).
-2
Let h be -3 + (2 + -2 - -8). Suppose 4*c - h*q = 31, c + 3*q + 8 = -q. Let x(a) = -a**3 + 4*a**2 - 3*a + 5. Give x(c).
-7
Let d(k) = k**3 - k**2 + 6. Let b(r) = -r**2 - 14*r - 3. Let q be b(-11). Suppose -14*s + 15*s + q = 0. Let u = 30 + s. Give d(u).
6
Let y(m) = -m**3 - 7*m**2 + m + 10. Suppose 5*x - j + 43 = -3*j, 5*x = j - 31. Determine y(x).
3
Let p(t) = 7*t - 8. Let r(w) = -8 - w + 6 + 1. Let o(c) = p(c) + 5*r(c). Calculate o(9).
5
Let l(t) = 2*t - 13. Let r(p) = 3*p - 24. Let o(g) = -5*l(g) + 3*r(g). Calculate o(-6).
-1
Suppose -21*s - 8 = -23*s. Let n(l) = -2*l**2 - 4 - 2*l - s*l**2 + 3 - 4*l**2. What is n(-1)?
-9
Let j(a) be the second derivative of a**5/20 - 5*a**4/12 + 5*a**2/2 + a - 88. Determine j(4).
-11
Let u(y) = 2*y**2 + 13*y + 2. Let p be u(-7). Suppose p = n + 4. Suppose n*j - 22 + 0 = 3*o, 0 = -j + 5*o. Let h(d) = -d**2 + 5*d + 4. Determine h(j).
4
Suppose 11*c = -2*c + 143. Let f(r) = -r**2 + 12*r - 1. Give f(c).
10
Let x = 96 - 92. Let a(d) = -x*d - 4 + 8 - 2 + 2*d**2 + 0. Suppose -2*s = s - 12. What is a(s)?
18
Let n(r) = -5*r + 546 - 540 + 4*r**2 - 2*r**2 - r**2. Calculate n(5).
6
Let u(p) = p**3 - 6*p**2 - p + 6. Let r be 5*(2 - -5)/7. What is u(r)?
-24
Let o(f) = f**3 + 5*f**2 + f - 3. Let u = 2 + -2. Let z(l) = -l**2 - l + 1. Let r be z(u). Let q = -4 - r. What is o(q)?
-8
Let f(k) = -70*k + 2. Let l(b) = -17*b. Let z(r) = f(r) - 4*l(r). Let x be 4/6*(-9)/(-2). Suppose -2*n + 2*v = -0*n + 14, x*n - v + 11 = 0. Determine z(n).
6
Let a(n) = n**2 - 6*n - 4. Suppose -7*r - w + 29 = -3*r, -8 = 2*r - 4*w. What is a(r)?
-4
Let k(h) = 3 - 12*h + 20*h + h**2 - 13*h. Suppose 0 = t - 1 - 1. Determine k(t).
-3
Let m(v) = v**2 + 6*v + 5. Let t be m(-5). Suppose t = -10*h + 5*h - 50. Let k = h + 16. Let s(r) = -r**2 + 6*r. Give s(k).
0
Let j(s) = 5*s - 12. Let t = -2038 + 2051. Calculate j(t).
53
Let w = -22 - -25. Let k be 20/10*w/2. Let j(u) = -2*u**2 + 2*u + 4. Calculate j(k).
-8
Let p(y) = -2*y**2 + y. Suppose -2*t = 5*z - 107, 4*z + 3*t - 5*t = 100. Let l = -20 + z. Suppose 0 = m + 5*a + 13, 0*m + 5*a + 21 = l*m. Determine p(m).
-6
Let b(x) = 130 + 47*x - 46*x - 10*x**2 - x**3 - 132. Determine b(-10).
-12
Let i(m) = -m**3 - 9*m**2 + 10*m + 4. Let b be -4 - (-1 + 5)/4*-73. Suppose 0 = -13*h - 199 + b. Give i(h).
4
Let t(d) = -d**2 - 8*d - 4. Suppose -4*g = -4*m + 5*m + 27, -3*g - m = 21. What is t(g)?
8
Let q(t) = 4*t**3 + 17*t**2 + 28*t + 50. Let r(b) = b**3 + 4*b**2 + 7*b + 13. Let y(m) = 6*q(m) - 22*r(m). Determine y(-6).
2
Let t(a) = -a**3 - a**2 + 3*a + 2. Let p = -276 + 279. Give t(p).
-25
Let d(v) = -v + 13. Let j be (-9)/27 - 1*(-1)/3. Calculate d(j).
13
Let p(t) = -22*t**3 - 4*t**2 + 19*t -